{"id":31,"date":"2023-12-23T22:49:05","date_gmt":"2023-12-23T21:49:05","guid":{"rendered":"https:\/\/athinawildcat.com\/?page_id=31"},"modified":"2024-11-22T12:13:56","modified_gmt":"2024-11-22T11:13:56","slug":"roman","status":"publish","type":"page","link":"https:\/\/athinawildcat.com\/index.php\/roman\/","title":{"rendered":"Roman"},"content":{"rendered":"\t\t<div data-elementor-type=\"wp-page\" data-elementor-id=\"31\" class=\"elementor elementor-31\">\n\t\t\t\t<div class=\"elementor-element elementor-element-5c133ae9 e-flex e-con-boxed e-con e-parent\" data-id=\"5c133ae9\" data-element_type=\"container\">\n\t\t\t\t\t<div class=\"e-con-inner\">\n\t\t\t\t<div class=\"elementor-element elementor-element-4a7880a elementor-widget elementor-widget-text-editor\" data-id=\"4a7880a\" data-element_type=\"widget\" data-widget_type=\"text-editor.default\">\n\t\t\t\t<div class=\"elementor-widget-container\">\n\t\t\t<style>\/*! elementor - v3.23.0 - 25-07-2024 *\/\n.elementor-widget-text-editor.elementor-drop-cap-view-stacked .elementor-drop-cap{background-color:#69727d;color:#fff}.elementor-widget-text-editor.elementor-drop-cap-view-framed .elementor-drop-cap{color:#69727d;border:3px solid;background-color:transparent}.elementor-widget-text-editor:not(.elementor-drop-cap-view-default) .elementor-drop-cap{margin-top:8px}.elementor-widget-text-editor:not(.elementor-drop-cap-view-default) .elementor-drop-cap-letter{width:1em;height:1em}.elementor-widget-text-editor .elementor-drop-cap{float:left;text-align:center;line-height:1;font-size:50px}.elementor-widget-text-editor .elementor-drop-cap-letter{display:inline-block}<\/style>\t\t\t\t<h6><span style=\"color: #003300;\">Saupoudr\u00e9 d&rsquo;une bonne dose de folie et de manipulation, ce thriller d\u00e9peint les affres de la soci\u00e9t\u00e9 \u00e0 travers deux histoires touchantes. Alliant psychologie et nouvelles technologies pour proposer un m\u00e9lange des plus exquis o\u00f9 secret de famille et meurtres se succ\u00e8dent.\u00a0<\/span><\/h6>\t\t\t\t\t\t<\/div>\n\t\t\t\t<\/div>\n\t\t\t\t\t<\/div>\n\t\t\t\t<\/div>\n\t\t<div class=\"elementor-element elementor-element-223c968 e-flex e-con-boxed e-con e-parent\" data-id=\"223c968\" data-element_type=\"container\">\n\t\t\t\t\t<div class=\"e-con-inner\">\n\t\t<div class=\"elementor-element elementor-element-d51940c e-con-full e-flex e-con e-child\" data-id=\"d51940c\" data-element_type=\"container\">\n\t\t\t\t<div class=\"elementor-element elementor-element-50776d8 elementor-widget elementor-widget-image\" data-id=\"50776d8\" data-element_type=\"widget\" data-widget_type=\"image.default\">\n\t\t\t\t<div class=\"elementor-widget-container\">\n\t\t\t<style>\/*! elementor - v3.23.0 - 25-07-2024 *\/\n.elementor-widget-image{text-align:center}.elementor-widget-image a{display:inline-block}.elementor-widget-image a img[src$=\".svg\"]{width:48px}.elementor-widget-image img{vertical-align:middle;display:inline-block}<\/style>\t\t\t\t\t\t\t\t\t\t<img fetchpriority=\"high\" decoding=\"async\" width=\"200\" height=\"300\" src=\"https:\/\/athinawildcat.com\/wp-content\/uploads\/2023\/12\/LA-RAGE-AU-CORPS-200x300.png\" class=\"attachment-medium size-medium wp-image-145\" alt=\"\" srcset=\"https:\/\/athinawildcat.com\/wp-content\/uploads\/2023\/12\/LA-RAGE-AU-CORPS-200x300.png 200w, https:\/\/athinawildcat.com\/wp-content\/uploads\/2023\/12\/LA-RAGE-AU-CORPS-683x1024.png 683w, https:\/\/athinawildcat.com\/wp-content\/uploads\/2023\/12\/LA-RAGE-AU-CORPS-768x1152.png 768w, https:\/\/athinawildcat.com\/wp-content\/uploads\/2023\/12\/LA-RAGE-AU-CORPS-1024x1536.png 1024w, https:\/\/athinawildcat.com\/wp-content\/uploads\/2023\/12\/LA-RAGE-AU-CORPS-1365x2048.png 1365w, https:\/\/athinawildcat.com\/wp-content\/uploads\/2023\/12\/LA-RAGE-AU-CORPS.png 1500w\" sizes=\"(max-width: 200px) 100vw, 200px\" \/>\t\t\t\t\t\t\t\t\t\t\t\t\t<\/div>\n\t\t\t\t<\/div>\n\t\t\t\t<\/div>\n\t\t<div class=\"elementor-element elementor-element-38f46f9 e-con-full e-flex e-con e-child\" data-id=\"38f46f9\" data-element_type=\"container\">\n\t\t\t\t<div class=\"elementor-element elementor-element-a19abba elementor-widget elementor-widget-text-editor\" data-id=\"a19abba\" data-element_type=\"widget\" data-widget_type=\"text-editor.default\">\n\t\t\t\t<div class=\"elementor-widget-container\">\n\t\t\t\t\t\t\t<p><span style=\"color: #333333;\">Jane, psychologue dans un grand cabinet \u00e0 Annecy, est hant\u00e9e par son pass\u00e9. Comment oublier l\u2019homme qu\u2019elle a laiss\u00e9 pour mort il y a plusieurs ann\u00e9es de cela ? Lorsqu\u2019elle re\u00e7oit des menaces d\u2019un inconnu et que son propre neveu cherche \u00e0 tout prix \u00e0 connaitre la v\u00e9rit\u00e9, le pire arrive. Une succession d\u2019\u00e9v\u00e8nements met la vie de ses proches en p\u00e9ril, d\u00e9truisant la sienne par la m\u00eame occasion. Marjorie, jeune adolescente, martyris\u00e9e par ses parents, est pr\u00eate \u00e0 tout pour se reconstruire, jusqu\u2019\u00e0 commettre l\u2019irr\u00e9parable.<\/span><\/p>\n<p><span style=\"color: #333333;\">Ces deux jeunes femmes ne se sont jamais crois\u00e9es, et pourtant elles ont un point commun. Tapis dans l\u2019ombre, un m\u00eame danger les guette.\u00a0<\/span><\/p>\t\t\t\t\t\t<\/div>\n\t\t\t\t<\/div>\n\t\t\t\t<\/div>\n\t\t\t\t\t<\/div>\n\t\t\t\t<\/div>\n\t\t<div class=\"elementor-element elementor-element-46cf6fa e-flex e-con-boxed e-con e-parent\" data-id=\"46cf6fa\" data-element_type=\"container\">\n\t\t\t\t\t<div class=\"e-con-inner\">\n\t\t\t\t<div class=\"elementor-element elementor-element-40617e0 elementor-widget elementor-widget-heading\" data-id=\"40617e0\" data-element_type=\"widget\" data-widget_type=\"heading.default\">\n\t\t\t\t<div class=\"elementor-widget-container\">\n\t\t\t<style>\/*! elementor - v3.23.0 - 25-07-2024 *\/\n.elementor-heading-title{padding:0;margin:0;line-height:1}.elementor-widget-heading .elementor-heading-title[class*=elementor-size-]>a{color:inherit;font-size:inherit;line-height:inherit}.elementor-widget-heading .elementor-heading-title.elementor-size-small{font-size:15px}.elementor-widget-heading .elementor-heading-title.elementor-size-medium{font-size:19px}.elementor-widget-heading .elementor-heading-title.elementor-size-large{font-size:29px}.elementor-widget-heading .elementor-heading-title.elementor-size-xl{font-size:39px}.elementor-widget-heading .elementor-heading-title.elementor-size-xxl{font-size:59px}<\/style><h2 class=\"elementor-heading-title elementor-size-medium\">Vous avez quelques doutes ? Alors quoi de mieux que de vous ouvrir les portes \u00e0 un extrait tir\u00e9 du prologue !<\/h2>\t\t<\/div>\n\t\t\t\t<\/div>\n\t\t\t\t\t<\/div>\n\t\t\t\t<\/div>\n\t\t<div class=\"elementor-element elementor-element-61a0e4c e-flex e-con-boxed e-con e-parent\" data-id=\"61a0e4c\" data-element_type=\"container\">\n\t\t\t\t\t<div class=\"e-con-inner\">\n\t\t\t\t<div class=\"elementor-element elementor-element-5303d6d elementor-widget-divider--view-line_icon elementor-view-default elementor-widget-divider--element-align-center elementor-widget elementor-widget-divider\" data-id=\"5303d6d\" data-element_type=\"widget\" data-widget_type=\"divider.default\">\n\t\t\t\t<div class=\"elementor-widget-container\">\n\t\t\t<style>\/*! elementor - v3.23.0 - 25-07-2024 *\/\n.elementor-widget-divider{--divider-border-style:none;--divider-border-width:1px;--divider-color:#0c0d0e;--divider-icon-size:20px;--divider-element-spacing:10px;--divider-pattern-height:24px;--divider-pattern-size:20px;--divider-pattern-url:none;--divider-pattern-repeat:repeat-x}.elementor-widget-divider .elementor-divider{display:flex}.elementor-widget-divider .elementor-divider__text{font-size:15px;line-height:1;max-width:95%}.elementor-widget-divider .elementor-divider__element{margin:0 var(--divider-element-spacing);flex-shrink:0}.elementor-widget-divider .elementor-icon{font-size:var(--divider-icon-size)}.elementor-widget-divider .elementor-divider-separator{display:flex;margin:0;direction:ltr}.elementor-widget-divider--view-line_icon .elementor-divider-separator,.elementor-widget-divider--view-line_text .elementor-divider-separator{align-items:center}.elementor-widget-divider--view-line_icon .elementor-divider-separator:after,.elementor-widget-divider--view-line_icon .elementor-divider-separator:before,.elementor-widget-divider--view-line_text .elementor-divider-separator:after,.elementor-widget-divider--view-line_text .elementor-divider-separator:before{display:block;content:\"\";border-block-end:0;flex-grow:1;border-block-start:var(--divider-border-width) var(--divider-border-style) var(--divider-color)}.elementor-widget-divider--element-align-left .elementor-divider .elementor-divider-separator>.elementor-divider__svg:first-of-type{flex-grow:0;flex-shrink:100}.elementor-widget-divider--element-align-left .elementor-divider-separator:before{content:none}.elementor-widget-divider--element-align-left .elementor-divider__element{margin-left:0}.elementor-widget-divider--element-align-right .elementor-divider .elementor-divider-separator>.elementor-divider__svg:last-of-type{flex-grow:0;flex-shrink:100}.elementor-widget-divider--element-align-right .elementor-divider-separator:after{content:none}.elementor-widget-divider--element-align-right .elementor-divider__element{margin-right:0}.elementor-widget-divider--element-align-start .elementor-divider .elementor-divider-separator>.elementor-divider__svg:first-of-type{flex-grow:0;flex-shrink:100}.elementor-widget-divider--element-align-start .elementor-divider-separator:before{content:none}.elementor-widget-divider--element-align-start .elementor-divider__element{margin-inline-start:0}.elementor-widget-divider--element-align-end .elementor-divider .elementor-divider-separator>.elementor-divider__svg:last-of-type{flex-grow:0;flex-shrink:100}.elementor-widget-divider--element-align-end .elementor-divider-separator:after{content:none}.elementor-widget-divider--element-align-end .elementor-divider__element{margin-inline-end:0}.elementor-widget-divider:not(.elementor-widget-divider--view-line_text):not(.elementor-widget-divider--view-line_icon) .elementor-divider-separator{border-block-start:var(--divider-border-width) var(--divider-border-style) var(--divider-color)}.elementor-widget-divider--separator-type-pattern{--divider-border-style:none}.elementor-widget-divider--separator-type-pattern.elementor-widget-divider--view-line .elementor-divider-separator,.elementor-widget-divider--separator-type-pattern:not(.elementor-widget-divider--view-line) .elementor-divider-separator:after,.elementor-widget-divider--separator-type-pattern:not(.elementor-widget-divider--view-line) .elementor-divider-separator:before,.elementor-widget-divider--separator-type-pattern:not([class*=elementor-widget-divider--view]) .elementor-divider-separator{width:100%;min-height:var(--divider-pattern-height);-webkit-mask-size:var(--divider-pattern-size) 100%;mask-size:var(--divider-pattern-size) 100%;-webkit-mask-repeat:var(--divider-pattern-repeat);mask-repeat:var(--divider-pattern-repeat);background-color:var(--divider-color);-webkit-mask-image:var(--divider-pattern-url);mask-image:var(--divider-pattern-url)}.elementor-widget-divider--no-spacing{--divider-pattern-size:auto}.elementor-widget-divider--bg-round{--divider-pattern-repeat:round}.rtl .elementor-widget-divider .elementor-divider__text{direction:rtl}.e-con-inner>.elementor-widget-divider,.e-con>.elementor-widget-divider{width:var(--container-widget-width,100%);--flex-grow:var(--container-widget-flex-grow)}<\/style>\t\t<div class=\"elementor-divider\">\n\t\t\t<span class=\"elementor-divider-separator\">\n\t\t\t\t\t\t\t<div class=\"elementor-icon elementor-divider__element\">\n\t\t\t\t\t<svg aria-hidden=\"true\" class=\"e-font-icon-svg e-fas-star\" viewBox=\"0 0 576 512\" xmlns=\"http:\/\/www.w3.org\/2000\/svg\"><path d=\"M259.3 17.8L194 150.2 47.9 171.5c-26.2 3.8-36.7 36.1-17.7 54.6l105.7 103-25 145.5c-4.5 26.3 23.2 46 46.4 33.7L288 439.6l130.7 68.7c23.2 12.2 50.9-7.4 46.4-33.7l-25-145.5 105.7-103c19-18.5 8.5-50.8-17.7-54.6L382 150.2 316.7 17.8c-11.7-23.6-45.6-23.9-57.4 0z\"><\/path><\/svg><\/div>\n\t\t\t\t\t\t<\/span>\n\t\t<\/div>\n\t\t\t\t<\/div>\n\t\t\t\t<\/div>\n\t\t\t\t<div class=\"elementor-element elementor-element-a973183 elementor-widget elementor-widget-text-editor\" data-id=\"a973183\" data-element_type=\"widget\" data-widget_type=\"text-editor.default\">\n\t\t\t\t<div class=\"elementor-widget-container\">\n\t\t\t\t\t\t\t<p><span style=\"color: #333333;\">Une odeur particuli\u00e8re impr\u00e9gnait l\u2019air. Une senteur musqu\u00e9e et fraiche lui parvenait, annonciatrice d\u2019une temp\u00eate. D\u2019ordinaire, Jane n\u2019aimait pas \u00eatre dehors par ce temps, mais aujourd\u2019hui, elle n\u2019y pr\u00eatait pas attention. Fixant le trou b\u00e9ant o\u00f9 le cercueil de sa s\u0153ur y avait \u00e9t\u00e9 d\u00e9pos\u00e9, elle essayait de faire bonne figure devant son neveu et sa ni\u00e8ce. M\u00eame si son chagrin n\u2019\u00e9tait pas comparable \u00e0 ce qu\u2019ils \u00e9prouvaient, ce qu\u2019elle ressentait la rongeait int\u00e9rieurement.<\/span><\/p><p><span style=\"color: #333333;\">Jane ne faisait pas attention aux membres de sa famille ou aux proches \u2013 qu\u2019elle ne connaissait pas pour la plupart &#8211; qui venaient jeter chacun \u00e0 leur tour une poign\u00e9e de terre sur le cercueil en bois de la d\u00e9funte. De petites gouttes de pluie commen\u00e7aient \u00e0 tomber. Les rayons du soleil avaient brutalement disparu, laissant place \u00e0 des nuages d\u2019une \u00e9paisse noirceur, plongeant le cimeti\u00e8re dans l\u2019obscurit\u00e9.<\/span><\/p><p><span style=\"color: #333333;\">Elle ne remarqua pas le moment o\u00f9 Ambre et Lyam disparurent ainsi que tous les autres. Seule, dans cet endroit lugubre, un frisson la parcourut. Soudain, une pluie torrentielle s\u2019abattit, la trempant en quelques secondes. Ses v\u00eatements lui collaient \u00e0 la peau, lui donnant la chair de poule. Jane voulut courir se mettre \u00e0 l\u2019abris, mais impossible. Elle \u00e9tait prise au pi\u00e8ge.<\/span><\/p><p><a href=\"https:\/\/athinawildcat.com\/index.php\/roman_prologue\/\"><span style=\"text-decoration: underline;\"><span style=\"color: #333399;\">Cliquez ici pour lire la suite<\/span><\/span><\/a><\/p>\t\t\t\t\t\t<\/div>\n\t\t\t\t<\/div>\n\t\t\t\t\t<\/div>\n\t\t\t\t<\/div>\n\t\t<div class=\"elementor-element elementor-element-fc61b57 e-flex e-con-boxed e-con e-parent\" data-id=\"fc61b57\" data-element_type=\"container\">\n\t\t\t\t\t<div class=\"e-con-inner\">\n\t\t\t\t<div class=\"elementor-element elementor-element-5514f42 elementor-widget elementor-widget-heading\" data-id=\"5514f42\" data-element_type=\"widget\" data-widget_type=\"heading.default\">\n\t\t\t\t<div class=\"elementor-widget-container\">\n\t\t\t<h2 class=\"elementor-heading-title elementor-size-medium\">Envie de connaitre la suite ? Voici comment se procurer le roman :<\/h2>\t\t<\/div>\n\t\t\t\t<\/div>\n\t\t\t\t\t<\/div>\n\t\t\t\t<\/div>\n\t\t<div class=\"elementor-element elementor-element-7f56cc5 e-flex e-con-boxed e-con e-parent\" data-id=\"7f56cc5\" data-element_type=\"container\">\n\t\t\t\t\t<div class=\"e-con-inner\">\n\t\t<div class=\"elementor-element elementor-element-964389c e-con-full e-flex e-con e-child\" data-id=\"964389c\" data-element_type=\"container\">\n\t\t\t\t<div class=\"elementor-element elementor-element-804814f elementor-widget elementor-widget-text-editor\" data-id=\"804814f\" data-element_type=\"widget\" data-widget_type=\"text-editor.default\">\n\t\t\t\t<div class=\"elementor-widget-container\">\n\t\t\t\t\t\t\t<h5><span style=\"text-decoration: underline; color: #333333;\">Version num\u00e9rique<\/span><\/h5><p><span style=\"text-decoration: underline; color: #3366ff;\"><a style=\"color: #3366ff; text-decoration: underline;\" href=\"https:\/\/www.librinova.com\/librairie\/athina-wildcat\/la-rage-au-corps\">Lien vers librinova<\/a><\/span><\/p><p><span style=\"color: #333333;\"><span style=\"text-decoration: underline;\"><strong>Tarif<\/strong> <\/span>: 3,99\u20ac<\/span><\/p>\t\t\t\t\t\t<\/div>\n\t\t\t\t<\/div>\n\t\t\t\t<\/div>\n\t\t<div class=\"elementor-element elementor-element-c1c79a5 e-con-full e-flex e-con e-child\" data-id=\"c1c79a5\" data-element_type=\"container\">\n\t\t\t\t<div class=\"elementor-element elementor-element-69286ae elementor-widget elementor-widget-text-editor\" data-id=\"69286ae\" data-element_type=\"widget\" data-widget_type=\"text-editor.default\">\n\t\t\t\t<div class=\"elementor-widget-container\">\n\t\t\t\t\t\t\t<h5><span style=\"text-decoration: underline; color: #333333;\">Version papier<\/span><\/h5><p><span style=\"color: #333333;\">A commander en ligne \u00e9galement sur <span style=\"text-decoration: underline;\"><a href=\"https:\/\/www.librinova.com\/librairie\/athina-wildcat\/la-rage-au-corps\">Librinova<\/a><\/span><\/span><\/p><p><span style=\"color: #333333;\"><span style=\"text-decoration: underline;\"><strong>Tarif<\/strong><\/span> : 25,90\u20ac<\/span><\/p>\t\t\t\t\t\t<\/div>\n\t\t\t\t<\/div>\n\t\t\t\t<\/div>\n\t\t\t\t\t<\/div>\n\t\t\t\t<\/div>\n\t\t\t\t<\/div>\n\t\t","protected":false},"excerpt":{"rendered":"<p>Saupoudr\u00e9 d&rsquo;une bonne dose de folie et de manipulation, ce thriller d\u00e9peint les affres de la soci\u00e9t\u00e9 \u00e0 travers deux histoires touchantes. Alliant psychologie et nouvelles technologies pour proposer un m\u00e9lange des plus exquis o\u00f9 secret de famille et meurtres se succ\u00e8dent.\u00a0 Jane, psychologue dans un grand cabinet \u00e0 Annecy, est hant\u00e9e par son pass\u00e9&#8230;.<\/p>\n","protected":false},"author":1,"featured_media":0,"parent":0,"menu_order":0,"comment_status":"closed","ping_status":"closed","template":"","meta":{"_monsterinsights_skip_tracking":false,"_monsterinsights_sitenote_active":false,"_monsterinsights_sitenote_note":"","_monsterinsights_sitenote_category":0,"_kad_post_transparent":"","_kad_post_title":"","_kad_post_layout":"","_kad_post_sidebar_id":"","_kad_post_content_style":"","_kad_post_vertical_padding":"","_kad_post_feature":"","_kad_post_feature_position":"","_kad_post_header":false,"_kad_post_footer":false,"footnotes":""},"aioseo_notices":[],"_links":{"self":[{"href":"https:\/\/athinawildcat.com\/index.php\/wp-json\/wp\/v2\/pages\/31"}],"collection":[{"href":"https:\/\/athinawildcat.com\/index.php\/wp-json\/wp\/v2\/pages"}],"about":[{"href":"https:\/\/athinawildcat.com\/index.php\/wp-json\/wp\/v2\/types\/page"}],"author":[{"embeddable":true,"href":"https:\/\/athinawildcat.com\/index.php\/wp-json\/wp\/v2\/users\/1"}],"replies":[{"embeddable":true,"href":"https:\/\/athinawildcat.com\/index.php\/wp-json\/wp\/v2\/comments?post=31"}],"version-history":[{"count":96,"href":"https:\/\/athinawildcat.com\/index.php\/wp-json\/wp\/v2\/pages\/31\/revisions"}],"predecessor-version":[{"id":1995,"href":"https:\/\/athinawildcat.com\/index.php\/wp-json\/wp\/v2\/pages\/31\/revisions\/1995"}],"wp:attachment":[{"href":"https:\/\/athinawildcat.com\/index.php\/wp-json\/wp\/v2\/media?parent=31"}],"curies":[{"name":"wp","href":"https:\/\/api.w.org\/{rel}","templated":true}]}}